alculate the highest common factor of 1130 and m.
10
Let x be 55/(-10) + 4 + (-15)/(-2). Suppose -4*g = -x*g + 42. Calculate the greatest common factor of 3 and g.
3
Suppose 5*q + 24 = 39. Suppose 28 - 13 = q*p. Calculate the highest common factor of p and 60.
5
Suppose 8*n = 5*n + 12. Let s be (132/(-24))/((-2)/n). Suppose -2*p + 49 = -s. What is the greatest common divisor of p and 12?
6
Let x(d) = 2*d**2 - 9 + 3*d - 28 + 2 - 33. Let n be x(6). Let p be (-1 + -13 + 3)*-22. Calculate the greatest common divisor of n and p.
22
Let t = 52 + -67. Let j be 10/6*6/t*-18. Let l = -1 + 5. Calculate the highest common factor of j and l.
4
Let x(u) = -14 - 3*u + 0*u + 3*u - 5*u + u**2. Let g be x(-7). Let r = -63 + g. Calculate the highest common divisor of 7 and r.
7
Let y be (-624065)/(-273) + (-11)/(-231). Calculate the highest common divisor of y and 45.
9
Let w be 3/(-2)*40/(-15). Suppose 0 = p + 3*p - w. Calculate the greatest common divisor of 99 and p.
1
Suppose -p = -5*c + 1486, -12*p - 1482 = -5*c - 15*p. Calculate the greatest common divisor of 513 and c.
27
Suppose 0 = 2*l + 2*q - 934, -2*l + 5*q - 2*q = -924. Let w = -261 + l. Calculate the highest common factor of 12 and w.
12
Let v = 4796 + -3326. Suppose -c = -6*c + v. What is the highest common factor of 84 and c?
42
Suppose 33*z - 13*z + 24900 = 45*z. What is the highest common factor of 36 and z?
12
Let t be 4/(-22) + 52/44*1. Suppose -99 - t = -4*h. Calculate the greatest common factor of 5 and h.
5
Suppose -38*a + 1612 = -a - 6*a. Let l = -14 + 22. Calculate the highest common divisor of l and a.
4
Let q be 18/8*(-56)/(-42). Suppose 5*w = q*r - 25 - 26, 5*w = 4*r - 63. Suppose 0 = 5*j - 3*j - r. Calculate the greatest common divisor of 48 and j.
6
Suppose -290 - 7 = 9*n. Let m = n + 42. What is the highest common divisor of 72 and m?
9
Suppose -18*y + 7 = -11*y. Let k be ((-1337)/(-28) - y/(-4)) + 2. What is the highest common divisor of k and 125?
25
Let j be (-28)/(-3)*7029/142. Suppose 36 = r - 3*m, -2*r - 4*m + 35 = -57. What is the greatest common factor of j and r?
42
Suppose -3*r - d = -383, r + 0*r - 4*d = 132. Let g(c) = 2*c**3 + 4*c**2 - 60*c + 64. Let n be g(4). Calculate the highest common divisor of n and r.
16
Suppose 5*a - h - 449 = 0, -18*a - 20*h - 160 = -20*a. What is the greatest common factor of a and 470?
10
Let i = 14625 + -10953. Calculate the greatest common divisor of i and 180.
36
Let c = -41 - -38. Let a be ((-1)/(2/c))/(7/1274). Let y = -119 + a. What is the greatest common factor of 14 and y?
14
Suppose -457859 = -250*i + 3156872 - 560981. Calculate the greatest common factor of i and 35.
35
Suppose -415*y + 73268 + 13728 = 2931*y. Let g be 1/(-4) + (-938)/(-8). Calculate the highest common divisor of y and g.
13
Suppose -2*f + 58 = b, -74*f = 5*b - 72*f - 250. Let j(y) = 88*y. Let k be j(3). Calculate the greatest common divisor of b and k.
24
Let i be (8/(-6))/2*-3. Let n(u) = -35*u**3 - 6*u + 6. Let c be n(1). Let r be -5 - 0 - (c + 4). Calculate the highest common divisor of i and r.
2
Let j = -1602 - 760. Let z = j - 3728. Let b be (-2)/6 + z/(-45). Calculate the highest common factor of b and 27.
27
Let y be 10 + (15 - 20) + 9. Calculate the greatest common factor of 12894 and y.
14
Let b be (-1*1*30)/(35/70 + -1). Calculate the greatest common factor of b and 164.
4
Let r(p) = -43*p - 2. Let n be r(-6). Suppose 158 = 28*d - 290. What is the highest common factor of d and n?
16
Let n be 6/1 - (-3*2)/((-58)/(-2204)). What is the highest common factor of 4758 and n?
78
Let s(b) = b**3 - 25*b**2 + 63*b - 107. Let r be s(23). Calculate the highest common divisor of r and 1207.
71
Let n(a) = -2*a + 49. Let m be n(14). Let o = -12 + m. Calculate the highest common factor of o and 5.
1
Let h = 4455 - 4392. Calculate the highest common divisor of 63 and h.
63
Suppose -2*b - r + 1440 = -3049, 3 = 3*r. What is the highest common factor of b and 136?
68
Let o be (964/(-2410))/((-2)/510). Calculate the greatest common divisor of o and 9894.
102
Suppose 5*f + 10870 = k, 2*k + 3473 - 25246 = -f. What is the highest common factor of 35 and k?
35
Let c = 13319 + -13313. Let j be 64 + -1 + (1 - 1). What is the highest common divisor of c and j?
3
Let w = 19 - -69. Let q = -574 + 592. Suppose 0 = -45*v + q*v + 594. What is the greatest common divisor of w and v?
22
Suppose 30*k + 333 = 72*k - 675. What is the greatest common divisor of 3144 and k?
24
Suppose 2*v = -21*v + 299. Suppose v*w + 300 = 17*w. Calculate the highest common factor of 120 and w.
15
Let m(c) = 2*c**2 + 95*c + 640. Let r be m(-8). Suppose 422 = 2*f + 2*l, -2*l = 3*f + 2*l - 628. Calculate the highest common factor of f and r.
8
Suppose 2767*s + 139188 = 2779*s. What is the highest common factor of s and 7?
7
Let t = 139 + 61. Let q be 10/4*1120/t. What is the highest common factor of 56 and q?
14
Let o be (27/(-15))/((-6)/40). Suppose 5*s - 1124 = y + 3*y, 4*y + 440 = 2*s. What is the highest common divisor of s and o?
12
Let k(d) = 62*d - 6588. Let q be k(110). What is the greatest common factor of q and 754?
58
Suppose -1236*f + 1235*f + 1220 = v, 4*v = -12*f + 4896. What is the highest common factor of 3074 and v?
58
Suppose -4*g + 611 = -h, -16*g + 328 = -14*g + 4*h. What is the highest common factor of 1694 and g?
154
Let r be (-1)/2*(15 - 1). Let z be 1/7 + (-454)/r. Let q = -10 + 36. Calculate the highest common factor of q and z.
13
Let p = 68 + 18. Suppose 9*l + p = 11*l. Suppose -5*r + 3*j = 4*j - l, -2*r - 5*j + 31 = 0. Calculate the greatest common factor of r and 8.
8
Suppose -456 = -6*j - 2*j. Suppose j + 13 = 2*t - 2*o, 2*t + o = 73. What is the highest common factor of 156 and t?
12
Suppose -v + 1 - 3 = -b, -5*v - 4 = -2*b. Let j be ((-1)/4)/(b/(-4))*674. Suppose 0 = 3*w - j - 209. What is the highest common factor of 26 and w?
26
Suppose 0 = 3*l - 4*l + 18. Suppose 5634 = 214*c - 113*c + 212*c. What is the highest common factor of l and c?
18
Suppose -8 - 4 = -4*j. Suppose 5*r - 20 = j*a + 2*a, 4 = r + 4*a. Let s = -31 + 32. What is the highest common factor of s and r?
1
Let y = 7313 + -7219. What is the highest common divisor of 6674 and y?
94
Let o = 55 - 27. Let w be 6/(o/(-35)*2/(-36)). What is the highest common factor of 630 and w?
45
Let d(y) = 9*y**2 - 242*y - 1. Let n be d(28). Let u = n + -244. What is the highest common factor of u and 1120?
35
Let m(y) = -23*y + 5. Let l be m(-6). Suppose -6*r = -9*r + 4*h + 72, -5*h = 15. Suppose 231 + 29 = r*u. What is the highest common divisor of l and u?
13
Suppose 167*l = 17*l + 90300. Calculate the greatest common divisor of l and 86.
86
Let i = -38 - -47. Suppose i*c - 9 = 6*c. Suppose 0*h + 48 = 3*h + c*y, -48 = -5*h + 3*y. What is the highest common factor of h and 60?
12
Let a(h) be the first derivative of h**3/3 - h**2 + 9*h - 15. Suppose -m = -1 - 6. Let s be a(m). What is the highest common divisor of 88 and s?
44
Suppose 102*h - 143913 = 25*h. Calculate the highest common factor of h and 21.
21
Let d(p) = 26*p + 162. Let m be d(-5). Let w be 3/(2 + (-52)/m). What is the highest common factor of w and 72?
8
Let g = 5530 + -5513. Calculate the greatest common divisor of 1088 and g.
17
Let z be (1684/12)/((-4)/12). Let k = 445 + z. Calculate the greatest common divisor of k and 32.
8
Let x(d) be the second derivative of -d**5/20 + 8*d**4/3 - 9*d**3/2 - 47*d**2/2 + 87*d. Let z be x(31). Calculate the highest common divisor of 11 and z.
11
Let h = 9849 - 9678. What is the greatest common factor of h and 1767?
57
Let c be (-1 + 10 - (-93450)/60) + 6/4. What is the highest common factor of c and 343?
49
Let m(h) = h**3 - 16*h**2 + h - 16. Let l be m(16). Suppose 14*g - 16*g + 288 = l. What is the greatest common factor of 16 and g?
16
Suppose 0 = -0*h + h - 5*o + 161, -15 = -5*o. Let y = -102 - h. Calculate the greatest common divisor of 484 and y.
44
Let v = 17995 + -17931. Calculate the greatest common factor of 11 and v.
1
Suppose -33*f = -37*f + 3552. Calculate the highest common factor of f and 37.
37
Suppose 3*t = 4*m - 30, -24 = 4*m + 4*t - 68. Suppose 7*y + m*y - 2640 = 0. What is the greatest common divisor of 33 and y?
33
Suppose -20 = 5*q, 39*y - 3*q + 195 = 40*y. What is the greatest common factor of 13248